{"id":294,"date":"2022-11-03T16:50:00","date_gmt":"2022-11-03T15:50:00","guid":{"rendered":"http:\/\/lawyer2.mythemecloud.io\/?page_id=294"},"modified":"2023-04-20T17:49:42","modified_gmt":"2023-04-20T15:49:42","slug":"presentation-du-cabinet-gersel","status":"publish","type":"page","link":"https:\/\/www.malirhdanioko.com\/index.php\/presentation-du-cabinet-gersel\/","title":{"rendered":"Pr\u00e9sentation du Cabinet GERSEL"},"content":{"rendered":"\t\t<div data-elementor-type=\"wp-post\" data-elementor-id=\"294\" class=\"elementor elementor-294\">\n\t\t\t\t\t\t\t\t\t<section class=\"elementor-section elementor-top-section elementor-element elementor-element-bu71rau elementor-section-boxed elementor-section-height-default elementor-section-height-default\" data-id=\"bu71rau\" data-element_type=\"section\" data-settings=\"{&quot;background_background&quot;:&quot;classic&quot;}\">\n\t\t\t\t\t\t<div class=\"elementor-container elementor-column-gap-default\">\n\t\t\t\t\t<div class=\"elementor-column elementor-col-50 elementor-top-column elementor-element elementor-element-p4b3n7m\" data-id=\"p4b3n7m\" data-element_type=\"column\">\n\t\t\t<div class=\"elementor-widget-wrap elementor-element-populated\">\n\t\t\t\t\t\t\t\t<div class=\"elementor-element elementor-element-83224f0 elementor-widget elementor-widget-text-editor\" data-id=\"83224f0\" data-element_type=\"widget\" data-widget_type=\"text-editor.default\">\n\t\t\t\t<div class=\"elementor-widget-container\">\n\t\t\t<style>\/*! elementor - v3.16.0 - 17-10-2023 *\/\n.elementor-widget-text-editor.elementor-drop-cap-view-stacked .elementor-drop-cap{background-color:#69727d;color:#fff}.elementor-widget-text-editor.elementor-drop-cap-view-framed .elementor-drop-cap{color:#69727d;border:3px solid;background-color:transparent}.elementor-widget-text-editor:not(.elementor-drop-cap-view-default) .elementor-drop-cap{margin-top:8px}.elementor-widget-text-editor:not(.elementor-drop-cap-view-default) .elementor-drop-cap-letter{width:1em;height:1em}.elementor-widget-text-editor .elementor-drop-cap{float:left;text-align:center;line-height:1;font-size:50px}.elementor-widget-text-editor .elementor-drop-cap-letter{display:inline-block}<\/style>\t\t\t\t<ul><li><strong>Manager G\u00e9n\u00e9ral<\/strong>, <em>Premier Interlocuteur<\/em><br \/>&#8211; Bac + 5 en GRH (Ecole Des Cadres, Burkina Faso -2008)<br \/>&#8211; Bac + 4 en Droit (ENA Mali -1996)<br \/><br \/><\/li><li><strong>Personnel Cadre Permanent<\/strong><br \/>&#8211; Responsable Recrutement, &#8211; Deuxi\u00e8me interlocuteur<br \/>&#8211; Responsable Prestations<br \/>&#8211; Responsable Formation<br \/>&#8211; Responsable Int\u00e9rim<br \/>&#8211; Assistante administrative<br \/><br \/><\/li><li><strong>Personnel Cadre Ext\u00e9rieur<\/strong><br \/>&#8211; Consultants<br \/>&#8211; Experts\/Sp\u00e9cialistes<\/li><\/ul><p>La composition du Cabinet telle que pr\u00e9sent\u00e9e, ci-dessus, permet au Cabinet d\u2019intervenir presque dans tous les segments des ressources<br \/>humaines sans difficult\u00e9. Hors mis le Personnel Cadre Ext\u00e9rieur compos\u00e9 de Consultants et d\u2019Experts\/Sp\u00e9cialistes qui am\u00e9nagent sans<br \/>probl\u00e8me aucun leur calendrier en fonction des besoins du Cabinet, tous les autres Cadres sont permanemment pr\u00e9sents \u00e0 leur poste.<\/p><p>Le slogan <em><strong>\u00ab\u00a0Notre devoir, Vous servir\u00a0\u00bb<\/strong><\/em> \u00e9tant inv\u00e9t\u00e9r\u00e9 dans les habitudes du Cabinet, alors travailler constamment sous pression pour mieux servir ses clients, est devenu l\u2019apanage de tout le personnel qui y travaille.<\/p>\t\t\t\t\t\t<\/div>\n\t\t\t\t<\/div>\n\t\t\t\t\t<\/div>\n\t\t<\/div>\n\t\t\t\t<div class=\"elementor-column elementor-col-50 elementor-top-column elementor-element elementor-element-phobwjz\" data-id=\"phobwjz\" data-element_type=\"column\">\n\t\t\t<div class=\"elementor-widget-wrap elementor-element-populated\">\n\t\t\t\t\t\t\t\t<div class=\"elementor-element elementor-element-92b8dfd elementor-widget elementor-widget-image\" data-id=\"92b8dfd\" data-element_type=\"widget\" data-widget_type=\"image.default\">\n\t\t\t\t<div class=\"elementor-widget-container\">\n\t\t\t<style>\/*! elementor - v3.16.0 - 17-10-2023 *\/\n.elementor-widget-image{text-align:center}.elementor-widget-image a{display:inline-block}.elementor-widget-image a img[src$=\".svg\"]{width:48px}.elementor-widget-image img{vertical-align:middle;display:inline-block}<\/style>\t\t\t\t\t\t\t\t\t\t\t\t<img loading=\"lazy\" decoding=\"async\" width=\"770\" height=\"1024\" src=\"https:\/\/www.malirhdanioko.com\/wp-content\/uploads\/2023\/04\/logo_gersel-2023-770x1024.jpg\" class=\"attachment-large size-large wp-image-1289\" alt=\"\" srcset=\"https:\/\/www.malirhdanioko.com\/wp-content\/uploads\/2023\/04\/logo_gersel-2023-770x1024.jpg 770w, https:\/\/www.malirhdanioko.com\/wp-content\/uploads\/2023\/04\/logo_gersel-2023-226x300.jpg 226w, https:\/\/www.malirhdanioko.com\/wp-content\/uploads\/2023\/04\/logo_gersel-2023-768x1021.jpg 768w, https:\/\/www.malirhdanioko.com\/wp-content\/uploads\/2023\/04\/logo_gersel-2023.jpg 812w\" sizes=\"auto, (max-width: 770px) 100vw, 770px\" \/>\t\t\t\t\t\t\t\t\t\t\t\t\t\t\t<\/div>\n\t\t\t\t<\/div>\n\t\t\t\t\t<\/div>\n\t\t<\/div>\n\t\t\t\t\t\t\t<\/div>\n\t\t<\/section>\n\t\t\t\t\t\t\t<\/div>\n\t\t","protected":false},"excerpt":{"rendered":"<p>Manager G\u00e9n\u00e9ral, Premier Interlocuteur&#8211; Bac + 5 en GRH (Ecole Des Cadres, Burkina Faso -2008)&#8211; Bac + 4 en Droit (ENA Mali -1996) Personnel Cadre Permanent&#8211; Responsable Recrutement, &#8211; Deuxi\u00e8me interlocuteur&#8211; Responsable Prestations&#8211; Responsable Formation&#8211; Responsable Int\u00e9rim&#8211; Assistante administrative Personnel Cadre Ext\u00e9rieur&#8211; Consultants&#8211; Experts\/Sp\u00e9cialistes La composition du Cabinet telle que pr\u00e9sent\u00e9e, ci-dessus, permet au Cabinet [&hellip;]<\/p>\n","protected":false},"author":1,"featured_media":0,"parent":0,"menu_order":0,"comment_status":"closed","ping_status":"closed","template":"","meta":{"om_disable_all_campaigns":false,"_mi_skip_tracking":false,"_monsterinsights_sitenote_active":false,"_monsterinsights_sitenote_note":"","_monsterinsights_sitenote_category":0,"footnotes":""},"class_list":["post-294","page","type-page","status-publish","hentry","entry"],"aioseo_notices":[],"_links":{"self":[{"href":"https:\/\/www.malirhdanioko.com\/index.php\/wp-json\/wp\/v2\/pages\/294","targetHints":{"allow":["GET"]}}],"collection":[{"href":"https:\/\/www.malirhdanioko.com\/index.php\/wp-json\/wp\/v2\/pages"}],"about":[{"href":"https:\/\/www.malirhdanioko.com\/index.php\/wp-json\/wp\/v2\/types\/page"}],"author":[{"embeddable":true,"href":"https:\/\/www.malirhdanioko.com\/index.php\/wp-json\/wp\/v2\/users\/1"}],"replies":[{"embeddable":true,"href":"https:\/\/www.malirhdanioko.com\/index.php\/wp-json\/wp\/v2\/comments?post=294"}],"version-history":[{"count":19,"href":"https:\/\/www.malirhdanioko.com\/index.php\/wp-json\/wp\/v2\/pages\/294\/revisions"}],"predecessor-version":[{"id":1292,"href":"https:\/\/www.malirhdanioko.com\/index.php\/wp-json\/wp\/v2\/pages\/294\/revisions\/1292"}],"wp:attachment":[{"href":"https:\/\/www.malirhdanioko.com\/index.php\/wp-json\/wp\/v2\/media?parent=294"}],"curies":[{"name":"wp","href":"https:\/\/api.w.org\/{rel}","templated":true}]}}